2 + 2*m - 1380. Calculate h(11).
7
Let q(y) = y**2 - 4*y - 6. Suppose g + 17 = 4*j, 160*j - 163*j + 18 = 0. Determine q(g).
15
Let a(h) = -h - 7. Let d(x) = -36*x + 224*x**2 - 20 - 260*x**2 - 7 + x**3. Let r be d(37). Determine a(r).
-17
Let o = -11927 - -11918. Let f(m) = 7*m + 36. What is f(o)?
-27
Suppose 1678*z = 1652*z + 182. Let s(v) = -13*v + 15. Determine s(z).
-76
Suppose 0 = -4*n - 3*c - 10, 5*n + 60 - 76 = c. Let o(d) = 8*d**2 + 6*d - 5. What is o(n)?
39
Let r(t) = -12*t**2 + 2 + 8*t**2 + 2*t + 2*t**2 + t**3. Let n(l) = 15*l + 106. Let g be n(-7). Let b be 304/(-532)*((-5)/2 - g). Calculate r(b).
6
Suppose -9*w = -76*w - 2*w - 6*w. Let p(v) be the third derivative of w*v + 1/12*v**4 + 0 + 6*v**2 + 1/3*v**3. What is p(-3)?
-4
Let q(f) = 4 - 3*f + 13*f**3 - 9*f**2 + 2*f - 12*f**3. Let n = 1187 - 1178. Give q(n).
-5
Let f(v) = -v**3 - 3*v**2 + 6*v + 3. Let y(d) = 3*d + 42. Let h(p) = 6*p + 43 + p - 4*p - p. Let u(k) = -4*h(k) + 5*y(k). Let z be u(-6). Give f(z).
-5
Let p(j) = -3 - 3*j**2 + 5 - 3*j**3 - 1. Let i be 13 + (-78)/13 - (4 + -2 + 7). What is p(i)?
13
Let y be ((-16)/(-24) - 1)/((-3)/72). Let p(q) = 16*q - 134. Calculate p(y).
-6
Let x be (-132)/(-16) + (-2)/8. Let w(o) = 50*o - 1 - 10 - 95*o + 47*o. Let q be w(x). Let l(y) = 4*y + 1. Determine l(q).
21
Suppose -4*c - 3*y - 2 = -3*c, -16 = -2*c + 4*y. Let o(s) = -s**2 + 4 - 5*s**2 - c*s**2 + s + 9*s**2. Determine o(0).
4
Let c(t) = 10*t - 512. Let w(p) = 19*p - 951. Let z(j) = 13*c(j) - 7*w(j). Determine z(-3).
10
Let o(n) be the second derivative of -n**4/12 - 2*n**3 + n**2 + 18*n. Let l be o(-12). Let z(u) = l*u**2 + 5 + 8 - 11 - 4*u. Calculate z(3).
8
Let v(c) = -4*c**3 + 82*c**2 + 41*c + 5. Let j be v(21). Let p(t) = t**3 + 16*t**2 - 2*t - 37. Give p(j).
-5
Let i(w) = -2*w**2 + 2*w + 6. Let p be i(2). Let o(n) = -2 - 13*n + 15*n + n**p + 3 + 4*n**2 - 8*n**2. Calculate o(2).
-7
Let i(v) = 0 - 2*v - 7 + 2*v**3 - 4 + 11 + v**2. What is i(3)?
57
Let f(a) be the second derivative of a**4/12 + 2*a**3/3 + 5*a**2/2 - a. Let d(l) = 4*l**3 + 53*l**2 + 61*l + 6. Let i be d(-12). Give f(i).
17
Let t be 2/14 - (-3116)/287. Suppose -4*k = -t*k - 42. Let s(d) = -4*d**2 - 5*d - 12. Let n(z) = -11*z**2 - 16*z - 35. Let i(f) = 3*n(f) - 8*s(f). Give i(k).
3
Suppose 0 = 4*k + 4*y - 8, -y = -10*k + 9*k + 8. Suppose 3*p + k*t = -23 + 91, -4*t = -5*p + 64. Let m(v) = v**2 - 16*v + 3. Give m(p).
3
Let u(n) = -25 - 51 - n + 75. Suppose 0 = 2*s + 16 - 2. Calculate u(s).
6
Let k(l) = -l + 8. Suppose 80 = i + 63. Suppose x = 5*s - 2, 4*s = -13 + i. Give k(x).
5
Suppose -5*c + 2*o + 43 = 0, -2*o = -3*c + 40 - 11. Let x(a) = a**3 - 5*a**2 - 13*a - 11. Determine x(c).
-4
Let c(n) = n**3 + 12*n**2 + 13*n - 19. Let l(z) = -4*z**3 - 60*z**2 - 10. Let x be l(-15). What is c(x)?
51
Let k(m) be the third derivative of -m**4/2 - 25*m**3/6 - 2505*m**2. Determine k(-3).
11
Suppose -y + 2*n + 5 = 0, 3*y - 9*n - 13 = -4*n. Let g be y/5 - 2/((-10)/(-51)). Let c(u) = -u**2 - 11*u - 5. Determine c(g).
5
Suppose -w + 0*w = -1. Suppose -1284 = 126*n - 402. Let v be (-3 - (n - w))*-1. Let p(h) = 3*h - 4. Determine p(v).
-19
Let q(n) = -331 + 62 + n + 140 - n**2. What is q(0)?
-129
Let z(d) = -13*d - 5. Let s(q) = -53*q - 22. Let k(w) = -2*s(w) + 9*z(w). What is k(-1)?
10
Suppose -15 = 3*i, -3*l + 59 = -0*l + 2*i. Suppose -2*v - 4 = -4*h, l = 5*v - 3*h + 4*h. Let s(p) = p. Calculate s(v).
4
Let f(p) = 2*p + 2*p + 2*p**2 - 2 + 5. Let g = -537 + 872. Let y = -338 + g. Give f(y).
9
Let q(r) = 3*r**2 - 33*r + 12. Let p = -26464 - -26474. Calculate q(p).
-18
Let d(c) be the first derivative of -3*c**2/2 - 22*c - 1449. Determine d(-15).
23
Let c be -25 + 0 + (-32)/(-8). Let q = c - -26. Let m(n) = -3*n + n - 2*n - n + n**2 + 1. Give m(q).
1
Let s(p) be the second derivative of -p**3 - 9*p**2/2 - 29*p - 26. Calculate s(-7).
33
Let g(t) = 17*t**3 + 16*t**2 - 13*t - 85. Let b(y) = 10*y**3 + 8*y**2 - 7*y - 46. Let d(z) = 5*b(z) - 3*g(z). Give d(-9).
70
Let l(d) = -499 + 4802*d + 4805*d - 9648*d. Calculate l(-12).
-7
Let z = -2636 + 2634. Let w(l) = -2*l - 2*l**2 - 8 + 3*l + 7 + 4*l**2. Determine w(z).
5
Let l(f) = -2*f**2 + f**2 - 22869 - 2*f - 10*f**3 + 22868. Calculate l(-1).
10
Let c(a) = a**2 - 2*a - 1. Let g(y) = y**3 + 14*y**2 - 6*y + 1. Suppose 14 = -21*b + 7*b. Let x(q) = b*g(q) + 3*c(q). Determine x(-11).
-4
Let s(o) be the second derivative of o**4/24 + 5*o**3/6 + 5*o**2/2 + o + 53. Let n(t) be the first derivative of s(t). Determine n(-4).
1
Let i(g) = g**2 - 1. Let f(v) = -4*v**2 - v + 3. Let w be 1/3 + (-60)/(-9). Let m(t) = w*i(t) + 2*f(t). Let z = -788 + 791. Give m(z).
-16
Let o(d) = -61*d**3 + 4*d**2 + 51*d - 32. Let k(j) = 19*j**3 - j**2 - 16*j + 10. Let t(p) = -16*k(p) - 5*o(p). What is t(4)?
4
Let r = 96 + -100. Let b(w) = 4*w + 5*w - 11*w + 3*w + 6. What is b(r)?
2
Let f(x) = -3*x + 2. Let z(l) = -8*l + 8. Let i be (-4)/7*5 - (-4)/(-28). Let t(c) = i*f(c) + z(c). Calculate t(3).
5
Let m(k) be the third derivative of -k**6/120 - k**5/30 - k**3/6 - 2*k**2 - 63. Suppose -2*g = 3*g. Suppose g = -0*h + 2*h + 6. Give m(h).
8
Let h(q) be the third derivative of -q**5/60 - q**4/4 + 2*q**3/3 + q**2. Suppose 2768*i = 2746*i - 176. Determine h(i).
-12
Suppose 0 = -6*r - 47 + 83. Let s(p) = -10*p**2 - r + p**2 + 6*p**2 + 5*p + 15 + 4*p**2. What is s(-4)?
5
Let p(j) = -j**2 - 3. Let t(o) = -11*o**2 + 17*o - 6. Let l(g) = 10*g**2 - 14*g + 7. Let z(n) = -6*l(n) - 5*t(n). Let c(r) = 4*p(r) - z(r). Give c(-1).
0
Let q(k) = -10*k - 3 - 3*k**2 + 2*k**2 + 0*k**2. Let n(o) = -162*o - 4224. Let w be n(-26). Determine q(w).
-27
Let i = 4899 - 4900. Let n(a) = -a**3 - 3*a**2 - 3*a. Give n(i).
1
Let f(b) be the first derivative of -b**3/3 + 5*b**2/2 + 7*b - 164. Let t = -230 + 235. What is f(t)?
7
Let p = -16054 + 16059. Let m(f) be the third derivative of 0 - 1/6*f**3 - 1/60*f**p + 0*f**4 + 14*f**2 + 0*f. What is m(-1)?
-2
Let s(z) be the first derivative of -10*z - z**2 + 67 + 1/3*z**3. Calculate s(6).
14
Let k(s) = -2309*s - 2300*s - 4 + 32 + 4603*s. Calculate k(6).
-8
Let r(h) = -4*h**3 - 4*h**2 + 5*h + 21. Let b(t) = t**3 + t**2 - t - 5. Let k(f) = 9*b(f) + 2*r(f). Let l be 2 + 12/(-3) + 4. Determine k(l).
11
Let h(s) = 8*s + 3 - s - 80 - 83. Calculate h(22).
-6
Let w(t) = 2*t**2 - 21*t + 97. Let s(q) = -q**2 + 10*q - 48. Let j(z) = -13*s(z) - 6*w(z). Let a(g) be the first derivative of j(g). What is a(-7)?
-18
Let s(m) be the third derivative of -1 - 1/2*m**3 + 0*m + 48*m**2 - 5/24*m**4. Give s(-3).
12
Let v(r) = r - 2. Suppose 0 = -39*p + 34*p. Suppose p = -7*w + 10 + 39. Let b be v(w). Let o(t) = 2*t - 5. Calculate o(b).
5
Let i(d) = -2*d**2 + 12*d + 12. Suppose -5*w - 51 = -2*u, 2*u + 3*u - 96 = 2*w. Suppose b + u*x - 15*x - 3 = 0, 2*b - 16 = -x. What is i(b)?
-42
Let o = 2 - -2. Suppose -3*m + o*m - 9 = 0. Let q(n) = -33*n**2 - 48*n + 19. Let h(g) = -5*g**2 - 8*g + 3. Let i(w) = -13*h(w) + 2*q(w). Give i(m).
-10
Let h(w) be the third derivative of w**6/120 + w**5/10 + w**4/24 - w**3/2 + 54644*w**2. Suppose -12 = -0*z + 2*z. What is h(z)?
-9
Let x = -631 - -657. Suppose 5*n = 12 - 2. Let p be x/(-39)*9/n. Let a(t) = -t + 4. What is a(p)?
7
Let u(w) = 7*w**3 + 13*w**2 + 2*w + 34. Let n(f) = 4*f**3 + 7*f**2 + 18. Let i(a) = -9*n(a) + 5*u(a). Give i(-4).
64
Let m(u) be the second derivative of u**5/20 - 11*u**4/12 + 8*u**3/3 + 19*u**2/2 - 1468*u. Give m(9).
1
Let k be (1/(-1))/((-2)/(-10)). Let b(u) = u - 4. Let c be b(9). Let n(s) = -178*s + c - s**2 + 175*s - s**3 - 5*s**2. Determine n(k).
-5
Suppose -2791 = -47*r - 159. Suppose 44*p = 51*p + r. Let i(j) = -j**3 - 7*j**2 + 9*j - 5. Give i(p).
-13
Let h(y) = -2*y + 6. Let p(r) = -r + 3. Suppose -6*l + 9*l = 9. Let s(c) = l*h(c) - 5*p(c). Let f be -11 + 1 - (-8)/2. What is s(f)?
9
Let h(v) = 2*v + 1. Let c = 341 - 315. Suppose -5*z - c + 2 = 3*b, -3*z = -5*b - 6. Determine h(b).
-5
Let h(c) = c**2 - 9*c + 7. Let b be h(8). Let v(z) be the second derivative of -9*z**5/20 - z**3/6 + 5*z + 4150. Determine v(b).
10
Suppose 1 = 5*w - 24. Let d = 1 + w. Let o(i) be the first derivative of -i**3/3 + 5*i**2/2 - i + 168592. What is o(d)?
-7
Let h(x) = 2504*x + 38. Let d(n) = -114*n - 2. Let j(p) = 88*d(p) + 4*h(p). What is j(8)?
-152
Let g(w) be the second derivative of -w**6/360 - 